{"id":7783,"date":"2024-06-21T15:42:32","date_gmt":"2024-06-21T13:42:32","guid":{"rendered":"http:\/\/znvosta.cluster023.hosting.ovh.net\/?page_id=7783"},"modified":"2024-09-27T15:17:30","modified_gmt":"2024-09-27T13:17:30","slug":"gestion-des-identites-et-des-acces","status":"publish","type":"page","link":"https:\/\/www.inolians.com\/index.php\/gestion-des-identites-et-des-acces\/","title":{"rendered":"Gestion des identit\u00e9s et des acc\u00e8s"},"content":{"rendered":"\t\t<div data-elementor-type=\"wp-page\" data-elementor-id=\"7783\" class=\"elementor elementor-7783\" data-elementor-post-type=\"page\">\n\t\t\t\t<div class=\"elementor-element elementor-element-0cd7e5c e-flex e-con-boxed e-con e-parent\" data-id=\"0cd7e5c\" data-element_type=\"container\" data-e-type=\"container\">\n\t\t\t\t\t<div class=\"e-con-inner\">\n\t\t\t\t<div class=\"elementor-element elementor-element-c7d670f elementor-widget__width-initial elementor-widget elementor-widget-html\" data-id=\"c7d670f\" data-element_type=\"widget\" data-e-type=\"widget\" data-widget_type=\"html.default\">\n\t\t\t\t<div class=\"elementor-widget-container\">\n\t\t\t\t\t<!DOCTYPE html>\n<html>\n<head>\n<style>\n\/* Styles communs *\/\n.container {\n  display: flex;\n  flex-direction: column;\n  margin-bottom: 10px;\n  width: 100%;\n}\n.rectangle {\n  width: 100%;\n  height: auto;\n  color: black;\n  display: flex;\n  align-items: center;\n  justify-content: center;\n  text-align: center;\n  cursor: pointer;\n  padding: 10px;\n  margin-bottom: 5px;\n}\n#rectangle1 {\n  background-color: #1E4D79;\n  color: white;\n}\n#rectangle2 {\n  background-color: #1E4D79;\n  color: white;\n}\n#rectangle3 {\n  background-color: #1E4D79;\n  color: white;\n}\n.active {\n  background-color: #3286AA !important; \/* Exemple de couleur active *\/\n}\n.hidden {\n  display: none;\n}\nh2 {\n    font-weight: bold;\n    font-size: 20px\n}\n.content {\n  padding: 10px;\n  width: calc(100% - 20px);\n}\n.content img {\n  display: block;\n  margin-top: 10px;\n}\n.custom-container-main-width {\n  width: 40%;\n}\n.custom-container-width {\n  width: 75%;\n}\n\/* Styles sp\u00e9cifiques pour ordinateur *\/\n@media (min-width: 768px) {\n  .containerRow {\n    display: flex;\n    flex-direction: row;\n    width: 100%;\n  }\n  .fixed-width {\n    width: 25%;\n  }\n  .third-section {\n    width: 50%;\n  }\n}\n\/* Styles sp\u00e9cifiques pour mobile *\/\n@media (max-width: 767px) {\n  .rectangle {\n    background-color: #1E4D79;\n    color: white;\n  }\n  .active {\n    background-color: #3286AA !important; \n  }\n  .third-section {\n    width: 100%;\n  }\n}\n<\/style>\n<\/head>\n<body>\n<div class=\"containerRow\">\n<div class=\"container fixed-width\">\n<div id=\"rectangle1\" class=\"rectangle active\">\n      Mise en place de solution centralis\u00e9e de gestion des identit\u00e9s et des acc\u00e8s\n<\/div>\n<div id=\"rectangle2\" class=\"rectangle\">\n      Mise en place de passerelle d\u2019authentification\n<\/div>\n<div id=\"rectangle3\" class=\"rectangle\">\n      Auditabilit\u00e9 et conformit\u00e9\n<\/div>\n<\/div>\n<div id=\"third-section\" class=\"third-section\">\n<div id=\"content1\" class=\"content\">\n    <h2>Personnalisation et int\u00e9gration de la solution Keycloak<\/h2>\n<p>\n        INOLIANS dispose d\u2019une forte comp\u00e9tence en int\u00e9gration de syst\u00e8mes Keycloak \/ bas\u00e9 sur Keycloak (RH SSO). Sur cette base, INOLIANS met en \u0153uvre une solution de gestion des identit\u00e9s et des acc\u00e8s pour votre organisation :\n<\/p>\n<ul>\n<li>Impl\u00e9mentation de la politique de s\u00e9curit\u00e9 (calcul des identifiants, politique entr\u00e9e\/sortie, workflows d\u2019habilitation, politique de mots de passe, d\u00e9finition et impl\u00e9mentation de strat\u00e9gie d\u2019authentification multi-facteurs, ..)<\/li>\n<li>Personnalisation graphique et ergonomique<\/li>\n<li>F\u00e9d\u00e9ration d\u2019identit\u00e9s avec des sources tierces (internes, externes)<\/li>\n<li>Personnalisation des fonctionnalit\u00e9s keycloak natives (organisations et arborescence, portail utilisateur, fonctionnalit\u00e9s d\u2019administration, \u2026)<\/li>\n<\/ul>\n    <h2>Conseil et assistance pour l\u2019interfa\u00e7age des applicatifs<\/h2>\n\n<p>INOLIANS conseille et assiste vos \u00e9quipes projet dans :<\/p>\n<ul>\n<li>Le cadrage et la d\u00e9finition des fonctionnalit\u00e9s d\u2019authentification (niveau de s\u00e9curit\u00e9, flow de connexion, flow de d\u00e9connexion \/ single log out, \u2026) et d\u2019habilitation (logique d\u2019impl\u00e9mentation profils et droits)<\/li>\n<li>La sp\u00e9cification et l\u2019impl\u00e9mentation des normes d\u2019interfa\u00e7age des applicatifs avec la solution de gestion des identit\u00e9s et des acc\u00e8s retenue (OpenID \/ Flows OIDC, SAML, \u2026)<\/li>\n<li>Les tests et la recette fonctionnelle, technique et s\u00e9curit\u00e9 de l\u2019ensemble<\/li>\n<\/ul>\n    <h2>Suivi op\u00e9rationnel et exploitation\u200b<\/h2>\n\n<p>INOLIANS peut assurer :<\/p>\n<ul>\n<li>L\u2019exploitation des solutions qu\u2019il met en \u0153uvre<\/li>\n<li>et\/ou le suivi op\u00e9rationnel (monitoring, suivi des SLAs, suivi des incidents et demandes, \u2026)<\/li>\n<li>L\u2019assistance et le support<\/li>\n<\/ul>\n<\/div>\n<div id=\"mainContent2\" class=\"content hidden\">\n<p>\n        INOLIANS peut d\u00e9ployer des passerelles d\u2019authentification bas\u00e9es sur une solution Keycloak vous permettant :\n<\/p>\n<ul>\n<li>D\u2019unifier diff\u00e9rentes syst\u00e8mes d\u2019authentification de votre syst\u00e8me d\u2019information (et \/ ou externes \u00e0 votre S.I) pour tout ou partie de vos applications<\/li>\n<li>De g\u00e9rer la transcodication entre diff\u00e9rentes normes d\u2019\u00e9changes d\u2019informations (SAML \/ OpenID)<\/li>\n<li>De fonctionner comme brique technique applicative permettant plus de latitude dans l\u2019\u00e9volutivit\u00e9 technologique de vos applicatifs et dans la personnalisation de la politique de s\u00e9curit\u00e9 applicable<\/li>\n<\/ul>\n<\/div>\n<div id=\"mainContent3\" class=\"content hidden\">\n<p>\n        INOLIANS a d\u00e9velopp\u00e9 et commercialise une application de gestion de la conformit\u00e9 de vos syst\u00e8mes d\u2019authentifications et d\u2019habilitations (multi-\u00e9diteurs) qui vous permet :\n<\/p>\n<ul>\n<li>De d\u00e9finir et suivre l\u2019\u00e9volution de diff\u00e9rents indicateurs (utilisateurs, droits, organisations, \u2026)<\/li>\n<li>De suivre et certifier l\u2019historique des modifications de vos syst\u00e8mes d\u2019authentifications et d\u2019habilitation<\/li>\n<li>D\u2019impl\u00e9menter des alertes fonctionnelles fines sur les identit\u00e9s, les attributions de droits de vos utilisateurs, \u2026<\/li>\n<li>D\u2019industrialiser et de suivre les revues de droits<\/li>\n<\/ul>\n<p>\n        D\u2019une mani\u00e8re g\u00e9n\u00e9rale de suivre la conformit\u00e9 de votre \/ vos syst\u00e8me(s) de gestion des identit\u00e9s et des acc\u00e8s.\n<\/p>\n<img decoding=\"async\" src=\"http:\/\/znvosta.cluster023.hosting.ovh.net\/wp-content\/uploads\/2024\/06\/Capture-decran-2024-06-20-145138.png\" alt=\"Image\" \/>\n<\/div>\n<\/div>\n<\/div>\n<script>\ndocument.addEventListener(\"DOMContentLoaded\", function () {\n  const rectangles = document.querySelectorAll('.rectangle');\n  rectangles.forEach(rectangle => {\n    rectangle.addEventListener('click', function () {\n      rectangles.forEach(rect => rect.classList.remove('active'));\n      this.classList.add('active');\n      switch (this.id) {\n        case 'rectangle1':\n          toggleVisibility('content1', ['mainContent2', 'mainContent3']);\n          break;\n        case 'rectangle2':\n          toggleVisibility('mainContent2', ['mainContent3', 'content1']);\n          break;\n        case 'rectangle3':\n          toggleVisibility('mainContent3', ['mainContent2', 'content1']);\n          break;\n      }\n    });\n  });\n \n  function toggleVisibility(showId, hideIds) {\n    const showElement = document.getElementById(showId);\n    hideIds.forEach((id) => {\n      document.getElementById(id).classList.add(\"hidden\");\n      document.querySelector(\".fixed-width\").classList.remove(\"custom-container-main-width\");\n      document.getElementById(\"third-section\").classList.remove(\"custom-container-width\");\n    });\n    showElement.classList.remove(\"hidden\");\n  }\n});\n<\/script>\n<\/body>\n<\/html>\t\t\t\t<\/div>\n\t\t\t\t<\/div>\n\t\t\t\t\t<\/div>\n\t\t\t\t<\/div>\n\t\t\t\t<\/div>\n\t\t","protected":false},"excerpt":{"rendered":"<p>Mise en place de solution centralis\u00e9e de gestion des identit\u00e9s et des acc\u00e8s Mise en place de passerelle d\u2019authentification Auditabilit\u00e9 et conformit\u00e9 Personnalisation et int\u00e9gration de la solution Keycloak INOLIANS dispose d\u2019une forte comp\u00e9tence en int\u00e9gration de syst\u00e8mes Keycloak \/ bas\u00e9 sur Keycloak (RH SSO). Sur cette base, INOLIANS met en \u0153uvre une solution de [&hellip;]<\/p>\n","protected":false},"author":1,"featured_media":0,"parent":0,"menu_order":0,"comment_status":"closed","ping_status":"closed","template":"","meta":{"_monsterinsights_skip_tracking":false,"_monsterinsights_sitenote_active":false,"_monsterinsights_sitenote_note":"","_monsterinsights_sitenote_category":0,"footnotes":""},"class_list":["post-7783","page","type-page","status-publish","hentry"],"blocksy_meta":[],"yoast_head":"<!-- This site is optimized with the Yoast SEO plugin v27.5 - https:\/\/yoast.com\/product\/yoast-seo-wordpress\/ -->\n<title>Gestion des identit\u00e9s et des acc\u00e8s - INOLIANS<\/title>\n<meta name=\"robots\" content=\"index, follow, max-snippet:-1, max-image-preview:large, max-video-preview:-1\" \/>\n<link rel=\"canonical\" href=\"https:\/\/www.inolians.com\/index.php\/gestion-des-identites-et-des-acces\/\" \/>\n<meta property=\"og:locale\" content=\"fr_FR\" \/>\n<meta property=\"og:type\" content=\"article\" \/>\n<meta property=\"og:title\" content=\"Gestion des identit\u00e9s et des acc\u00e8s - INOLIANS\" \/>\n<meta property=\"og:description\" content=\"Mise en place de solution centralis\u00e9e de gestion des identit\u00e9s et des acc\u00e8s Mise en place de passerelle d\u2019authentification Auditabilit\u00e9 et conformit\u00e9 Personnalisation et int\u00e9gration de la solution Keycloak INOLIANS dispose d\u2019une forte comp\u00e9tence en int\u00e9gration de syst\u00e8mes Keycloak \/ bas\u00e9 sur Keycloak (RH SSO). Sur cette base, INOLIANS met en \u0153uvre une solution de [&hellip;]\" \/>\n<meta property=\"og:url\" content=\"https:\/\/www.inolians.com\/index.php\/gestion-des-identites-et-des-acces\/\" \/>\n<meta property=\"og:site_name\" content=\"INOLIANS\" \/>\n<meta property=\"article:modified_time\" content=\"2024-09-27T13:17:30+00:00\" \/>\n<meta property=\"og:image\" content=\"http:\/\/znvosta.cluster023.hosting.ovh.net\/wp-content\/uploads\/2024\/06\/Capture-decran-2024-06-20-145138.png\" \/>\n<meta name=\"twitter:card\" content=\"summary_large_image\" \/>\n<meta name=\"twitter:label1\" content=\"Dur\u00e9e de lecture estim\u00e9e\" \/>\n\t<meta name=\"twitter:data1\" content=\"3 minutes\" \/>\n<script type=\"application\/ld+json\" class=\"yoast-schema-graph\">{\"@context\":\"https:\\\/\\\/schema.org\",\"@graph\":[{\"@type\":\"WebPage\",\"@id\":\"https:\\\/\\\/www.inolians.com\\\/index.php\\\/gestion-des-identites-et-des-acces\\\/\",\"url\":\"https:\\\/\\\/www.inolians.com\\\/index.php\\\/gestion-des-identites-et-des-acces\\\/\",\"name\":\"Gestion des identit\u00e9s et des acc\u00e8s - INOLIANS\",\"isPartOf\":{\"@id\":\"https:\\\/\\\/www.inolians.com\\\/#website\"},\"primaryImageOfPage\":{\"@id\":\"https:\\\/\\\/www.inolians.com\\\/index.php\\\/gestion-des-identites-et-des-acces\\\/#primaryimage\"},\"image\":{\"@id\":\"https:\\\/\\\/www.inolians.com\\\/index.php\\\/gestion-des-identites-et-des-acces\\\/#primaryimage\"},\"thumbnailUrl\":\"http:\\\/\\\/znvosta.cluster023.hosting.ovh.net\\\/wp-content\\\/uploads\\\/2024\\\/06\\\/Capture-decran-2024-06-20-145138.png\",\"datePublished\":\"2024-06-21T13:42:32+00:00\",\"dateModified\":\"2024-09-27T13:17:30+00:00\",\"breadcrumb\":{\"@id\":\"https:\\\/\\\/www.inolians.com\\\/index.php\\\/gestion-des-identites-et-des-acces\\\/#breadcrumb\"},\"inLanguage\":\"fr-FR\",\"potentialAction\":[{\"@type\":\"ReadAction\",\"target\":[\"https:\\\/\\\/www.inolians.com\\\/index.php\\\/gestion-des-identites-et-des-acces\\\/\"]}]},{\"@type\":\"ImageObject\",\"inLanguage\":\"fr-FR\",\"@id\":\"https:\\\/\\\/www.inolians.com\\\/index.php\\\/gestion-des-identites-et-des-acces\\\/#primaryimage\",\"url\":\"http:\\\/\\\/znvosta.cluster023.hosting.ovh.net\\\/wp-content\\\/uploads\\\/2024\\\/06\\\/Capture-decran-2024-06-20-145138.png\",\"contentUrl\":\"http:\\\/\\\/znvosta.cluster023.hosting.ovh.net\\\/wp-content\\\/uploads\\\/2024\\\/06\\\/Capture-decran-2024-06-20-145138.png\"},{\"@type\":\"BreadcrumbList\",\"@id\":\"https:\\\/\\\/www.inolians.com\\\/index.php\\\/gestion-des-identites-et-des-acces\\\/#breadcrumb\",\"itemListElement\":[{\"@type\":\"ListItem\",\"position\":1,\"name\":\"Accueil\",\"item\":\"https:\\\/\\\/www.inolians.com\\\/\"},{\"@type\":\"ListItem\",\"position\":2,\"name\":\"Gestion des identit\u00e9s et des acc\u00e8s\"}]},{\"@type\":\"WebSite\",\"@id\":\"https:\\\/\\\/www.inolians.com\\\/#website\",\"url\":\"https:\\\/\\\/www.inolians.com\\\/\",\"name\":\"INOLIANS\",\"description\":\"Conseil op\u00e9rationnel | Gestion de projet | Solutions S.I\",\"publisher\":{\"@id\":\"https:\\\/\\\/www.inolians.com\\\/#organization\"},\"potentialAction\":[{\"@type\":\"SearchAction\",\"target\":{\"@type\":\"EntryPoint\",\"urlTemplate\":\"https:\\\/\\\/www.inolians.com\\\/?s={search_term_string}\"},\"query-input\":{\"@type\":\"PropertyValueSpecification\",\"valueRequired\":true,\"valueName\":\"search_term_string\"}}],\"inLanguage\":\"fr-FR\"},{\"@type\":\"Organization\",\"@id\":\"https:\\\/\\\/www.inolians.com\\\/#organization\",\"name\":\"INOLIANS\",\"url\":\"https:\\\/\\\/www.inolians.com\\\/\",\"logo\":{\"@type\":\"ImageObject\",\"inLanguage\":\"fr-FR\",\"@id\":\"https:\\\/\\\/www.inolians.com\\\/#\\\/schema\\\/logo\\\/image\\\/\",\"url\":\"https:\\\/\\\/www.inolians.com\\\/wp-content\\\/uploads\\\/2024\\\/05\\\/LOGOS-INOLIANS12-1.png\",\"contentUrl\":\"https:\\\/\\\/www.inolians.com\\\/wp-content\\\/uploads\\\/2024\\\/05\\\/LOGOS-INOLIANS12-1.png\",\"width\":990,\"height\":663,\"caption\":\"INOLIANS\"},\"image\":{\"@id\":\"https:\\\/\\\/www.inolians.com\\\/#\\\/schema\\\/logo\\\/image\\\/\"}}]}<\/script>\n<!-- \/ Yoast SEO plugin. -->","yoast_head_json":{"title":"Gestion des identit\u00e9s et des acc\u00e8s - INOLIANS","robots":{"index":"index","follow":"follow","max-snippet":"max-snippet:-1","max-image-preview":"max-image-preview:large","max-video-preview":"max-video-preview:-1"},"canonical":"https:\/\/www.inolians.com\/index.php\/gestion-des-identites-et-des-acces\/","og_locale":"fr_FR","og_type":"article","og_title":"Gestion des identit\u00e9s et des acc\u00e8s - INOLIANS","og_description":"Mise en place de solution centralis\u00e9e de gestion des identit\u00e9s et des acc\u00e8s Mise en place de passerelle d\u2019authentification Auditabilit\u00e9 et conformit\u00e9 Personnalisation et int\u00e9gration de la solution Keycloak INOLIANS dispose d\u2019une forte comp\u00e9tence en int\u00e9gration de syst\u00e8mes Keycloak \/ bas\u00e9 sur Keycloak (RH SSO). Sur cette base, INOLIANS met en \u0153uvre une solution de [&hellip;]","og_url":"https:\/\/www.inolians.com\/index.php\/gestion-des-identites-et-des-acces\/","og_site_name":"INOLIANS","article_modified_time":"2024-09-27T13:17:30+00:00","og_image":[{"url":"http:\/\/znvosta.cluster023.hosting.ovh.net\/wp-content\/uploads\/2024\/06\/Capture-decran-2024-06-20-145138.png","type":"","width":"","height":""}],"twitter_card":"summary_large_image","twitter_misc":{"Dur\u00e9e de lecture estim\u00e9e":"3 minutes"},"schema":{"@context":"https:\/\/schema.org","@graph":[{"@type":"WebPage","@id":"https:\/\/www.inolians.com\/index.php\/gestion-des-identites-et-des-acces\/","url":"https:\/\/www.inolians.com\/index.php\/gestion-des-identites-et-des-acces\/","name":"Gestion des identit\u00e9s et des acc\u00e8s - INOLIANS","isPartOf":{"@id":"https:\/\/www.inolians.com\/#website"},"primaryImageOfPage":{"@id":"https:\/\/www.inolians.com\/index.php\/gestion-des-identites-et-des-acces\/#primaryimage"},"image":{"@id":"https:\/\/www.inolians.com\/index.php\/gestion-des-identites-et-des-acces\/#primaryimage"},"thumbnailUrl":"http:\/\/znvosta.cluster023.hosting.ovh.net\/wp-content\/uploads\/2024\/06\/Capture-decran-2024-06-20-145138.png","datePublished":"2024-06-21T13:42:32+00:00","dateModified":"2024-09-27T13:17:30+00:00","breadcrumb":{"@id":"https:\/\/www.inolians.com\/index.php\/gestion-des-identites-et-des-acces\/#breadcrumb"},"inLanguage":"fr-FR","potentialAction":[{"@type":"ReadAction","target":["https:\/\/www.inolians.com\/index.php\/gestion-des-identites-et-des-acces\/"]}]},{"@type":"ImageObject","inLanguage":"fr-FR","@id":"https:\/\/www.inolians.com\/index.php\/gestion-des-identites-et-des-acces\/#primaryimage","url":"http:\/\/znvosta.cluster023.hosting.ovh.net\/wp-content\/uploads\/2024\/06\/Capture-decran-2024-06-20-145138.png","contentUrl":"http:\/\/znvosta.cluster023.hosting.ovh.net\/wp-content\/uploads\/2024\/06\/Capture-decran-2024-06-20-145138.png"},{"@type":"BreadcrumbList","@id":"https:\/\/www.inolians.com\/index.php\/gestion-des-identites-et-des-acces\/#breadcrumb","itemListElement":[{"@type":"ListItem","position":1,"name":"Accueil","item":"https:\/\/www.inolians.com\/"},{"@type":"ListItem","position":2,"name":"Gestion des identit\u00e9s et des acc\u00e8s"}]},{"@type":"WebSite","@id":"https:\/\/www.inolians.com\/#website","url":"https:\/\/www.inolians.com\/","name":"INOLIANS","description":"Conseil op\u00e9rationnel | Gestion de projet | Solutions S.I","publisher":{"@id":"https:\/\/www.inolians.com\/#organization"},"potentialAction":[{"@type":"SearchAction","target":{"@type":"EntryPoint","urlTemplate":"https:\/\/www.inolians.com\/?s={search_term_string}"},"query-input":{"@type":"PropertyValueSpecification","valueRequired":true,"valueName":"search_term_string"}}],"inLanguage":"fr-FR"},{"@type":"Organization","@id":"https:\/\/www.inolians.com\/#organization","name":"INOLIANS","url":"https:\/\/www.inolians.com\/","logo":{"@type":"ImageObject","inLanguage":"fr-FR","@id":"https:\/\/www.inolians.com\/#\/schema\/logo\/image\/","url":"https:\/\/www.inolians.com\/wp-content\/uploads\/2024\/05\/LOGOS-INOLIANS12-1.png","contentUrl":"https:\/\/www.inolians.com\/wp-content\/uploads\/2024\/05\/LOGOS-INOLIANS12-1.png","width":990,"height":663,"caption":"INOLIANS"},"image":{"@id":"https:\/\/www.inolians.com\/#\/schema\/logo\/image\/"}}]}},"_links":{"self":[{"href":"https:\/\/www.inolians.com\/index.php\/wp-json\/wp\/v2\/pages\/7783","targetHints":{"allow":["GET"]}}],"collection":[{"href":"https:\/\/www.inolians.com\/index.php\/wp-json\/wp\/v2\/pages"}],"about":[{"href":"https:\/\/www.inolians.com\/index.php\/wp-json\/wp\/v2\/types\/page"}],"author":[{"embeddable":true,"href":"https:\/\/www.inolians.com\/index.php\/wp-json\/wp\/v2\/users\/1"}],"replies":[{"embeddable":true,"href":"https:\/\/www.inolians.com\/index.php\/wp-json\/wp\/v2\/comments?post=7783"}],"version-history":[{"count":450,"href":"https:\/\/www.inolians.com\/index.php\/wp-json\/wp\/v2\/pages\/7783\/revisions"}],"predecessor-version":[{"id":9728,"href":"https:\/\/www.inolians.com\/index.php\/wp-json\/wp\/v2\/pages\/7783\/revisions\/9728"}],"wp:attachment":[{"href":"https:\/\/www.inolians.com\/index.php\/wp-json\/wp\/v2\/media?parent=7783"}],"curies":[{"name":"wp","href":"https:\/\/api.w.org\/{rel}","templated":true}]}}